{"id":15142,"date":"2023-10-06T14:06:23","date_gmt":"2023-10-06T12:06:23","guid":{"rendered":"https:\/\/fvo.cat\/la-fundacion\/quaderns-tecnics\/"},"modified":"2023-10-06T15:35:29","modified_gmt":"2023-10-06T13:35:29","slug":"cuadernos-tecnicos","status":"publish","type":"page","link":"https:\/\/fvo.cat\/es\/la-fundacion\/cuadernos-tecnicos\/","title":{"rendered":"Cuadernos t\u00e9cnicos"},"content":{"rendered":"<p>Se trata de un documento que contiene un conjunto de art\u00edculos, informes o conferencias de varios autores de actualidad cient\u00edfica y que giran en torno a la discapacidad intelectual.<\/p>\n<p>El objetivo es profundizar y dar a conocer desde una vertiente m\u00e1s cient\u00edfica y t\u00e9cnica, temas de inter\u00e9s relacionados con la persona con discapacidad intelectual y sus familias.<\/p>\n<p>La publicaci\u00f3n es peri\u00f3dica, donde se trata de forma unificada un mismo tema, pero analiz\u00e1ndolo desde diferentes perspectivas. Este tema, siempre que sea posible, se relaciona con el ciclo de conferencias y el proyecto de investigaci\u00f3n del a\u00f1o en curso.<\/p>\n<div class=\"publicacions\">\n\t\n\t<div class=\"publicacions__collection\">\n\t\t\t\t\t<div class=\"publicacions__item publicacion\">\n\t\t\t\t\n\t\t\t\t\t\t\t\t\t\t\t\t\t\t\t\t\t\n\t\t\t\t\t\t\t\t\t<a href=\"https:\/\/fvo.cat\/wp-content\/uploads\/2023\/10\/QuadernsTecnics-octubre2010.pdf\" class=\"publicacion__link\">\n\t\t\t\t\t\t<picture class=\"publicacion__picture\">\n\t\t\t\t\t\t\t<img decoding=\"async\" src=\"https:\/\/fvo.cat\/wp-content\/uploads\/2023\/10\/quadernstecnics-octubre2010-300x0-c-default.webp\" alt=\"\">\n\t\t\t\t\t\t<\/picture>\n\t\t\t\t\t\t<span class=\"publicacion__title\">\n\t\t\t\t\t\t\tQuaderns t\u00e8cnics octubre 2010\n\t\t\t\t\t\t<\/span>\n\t\t\t\t\t<\/a>\n\t\t\t\t\t\t\t<\/div>\n\t\t\t\t\t<div class=\"publicacions__item publicacion\">\n\t\t\t\t\n\t\t\t\t\t\t\t\t\t\t\t\t\t\t\t\t\t\n\t\t\t\t\t\t\t\t\t<a href=\"https:\/\/fvo.cat\/wp-content\/uploads\/2023\/10\/QuadernsTecnics-febrer2008.pdf\" class=\"publicacion__link\">\n\t\t\t\t\t\t<picture class=\"publicacion__picture\">\n\t\t\t\t\t\t\t<img decoding=\"async\" src=\"https:\/\/fvo.cat\/wp-content\/uploads\/2023\/10\/quadernstecnics-febrer2008-300x0-c-default.webp\" alt=\"\">\n\t\t\t\t\t\t<\/picture>\n\t\t\t\t\t\t<span class=\"publicacion__title\">\n\t\t\t\t\t\t\tQuaderns t\u00e8cnics novembre 2008\n\t\t\t\t\t\t<\/span>\n\t\t\t\t\t<\/a>\n\t\t\t\t\t\t\t<\/div>\n\t\t\t\t\t<div class=\"publicacions__item publicacion\">\n\t\t\t\t\n\t\t\t\t\t\t\t\t\t\t\t\t\t\t\t\t\t\n\t\t\t\t\t\t\t\t\t<a href=\"https:\/\/fvo.cat\/wp-content\/uploads\/2023\/10\/QuadernsTecnics-mars2009.pdf\" class=\"publicacion__link\">\n\t\t\t\t\t\t<picture class=\"publicacion__picture\">\n\t\t\t\t\t\t\t<img decoding=\"async\" src=\"https:\/\/fvo.cat\/wp-content\/uploads\/2023\/10\/quadernstecnics-mars2009-300x0-c-default.webp\" alt=\"\">\n\t\t\t\t\t\t<\/picture>\n\t\t\t\t\t\t<span class=\"publicacion__title\">\n\t\t\t\t\t\t\tQuaderns t\u00e8cnics mar\u00e7 2009\n\t\t\t\t\t\t<\/span>\n\t\t\t\t\t<\/a>\n\t\t\t\t\t\t\t<\/div>\n\t\t\t<\/div>\n\t\n<\/div>\n\n","protected":false},"excerpt":{"rendered":"<p>Se trata de un documento que contiene un conjunto de art\u00edculos, informes o conferencias de varios autores de actualidad cient\u00edfica y que giran en torno a la discapacidad intelectual. El objetivo es [&hellip;]<\/p>\n","protected":false},"author":1,"featured_media":0,"parent":14694,"menu_order":58,"comment_status":"closed","ping_status":"closed","template":"","meta":{"_seopress_robots_primary_cat":"","_seopress_titles_title":"","_seopress_titles_desc":"","_seopress_robots_index":"","inline_featured_image":false,"footnotes":""},"class_list":["post-15142","page","type-page","status-publish","hentry"],"_links":{"self":[{"href":"https:\/\/fvo.cat\/es\/wp-json\/wp\/v2\/pages\/15142","targetHints":{"allow":["GET"]}}],"collection":[{"href":"https:\/\/fvo.cat\/es\/wp-json\/wp\/v2\/pages"}],"about":[{"href":"https:\/\/fvo.cat\/es\/wp-json\/wp\/v2\/types\/page"}],"author":[{"embeddable":true,"href":"https:\/\/fvo.cat\/es\/wp-json\/wp\/v2\/users\/1"}],"replies":[{"embeddable":true,"href":"https:\/\/fvo.cat\/es\/wp-json\/wp\/v2\/comments?post=15142"}],"version-history":[{"count":0,"href":"https:\/\/fvo.cat\/es\/wp-json\/wp\/v2\/pages\/15142\/revisions"}],"up":[{"embeddable":true,"href":"https:\/\/fvo.cat\/es\/wp-json\/wp\/v2\/pages\/14694"}],"wp:attachment":[{"href":"https:\/\/fvo.cat\/es\/wp-json\/wp\/v2\/media?parent=15142"}],"curies":[{"name":"wp","href":"https:\/\/api.w.org\/{rel}","templated":true}]}}

Cuadernos técnicos

<p>Se trata de un documento que contiene un conjunto de artículos, informes o conferencias de varios autores de actualidad científica y que giran en torno a la discapacidad intelectual.</p>
<p>El objetivo es profundizar y dar a conocer desde una vertiente más científica y técnica, temas de interés relacionados con la persona con discapacidad intelectual y sus familias.</p>
<p>La publicación es periódica, donde se trata de forma unificada un mismo tema, pero analizándolo desde diferentes perspectivas. Este tema, siempre que sea posible, se relaciona con el ciclo de conferencias y el proyecto de investigación del año en curso.</p>
<div class="publicacions">
	
	<div class="publicacions__collection">
					<div class="publicacions__item publicacion">
				
																	
									<a href="https://fvo.cat/wp-content/uploads/2023/10/QuadernsTecnics-octubre2010.pdf" class="publicacion__link">
						<picture class="publicacion__picture">
							<img decoding="async" src="https://fvo.cat/wp-content/uploads/2023/10/quadernstecnics-octubre2010-300x0-c-default.webp" alt="">
						</picture>
						<span class="publicacion__title">
							Quaderns tècnics octubre 2010
						</span>
					</a>
							</div>
					<div class="publicacions__item publicacion">
				
																	
									<a href="https://fvo.cat/wp-content/uploads/2023/10/QuadernsTecnics-febrer2008.pdf" class="publicacion__link">
						<picture class="publicacion__picture">
							<img decoding="async" src="https://fvo.cat/wp-content/uploads/2023/10/quadernstecnics-febrer2008-300x0-c-default.webp" alt="">
						</picture>
						<span class="publicacion__title">
							Quaderns tècnics novembre 2008
						</span>
					</a>
							</div>
					<div class="publicacions__item publicacion">
				
																	
									<a href="https://fvo.cat/wp-content/uploads/2023/10/QuadernsTecnics-mars2009.pdf" class="publicacion__link">
						<picture class="publicacion__picture">
							<img decoding="async" src="https://fvo.cat/wp-content/uploads/2023/10/quadernstecnics-mars2009-300x0-c-default.webp" alt="">
						</picture>
						<span class="publicacion__title">
							Quaderns tècnics març 2009
						</span>
					</a>
							</div>
			</div>
	
</div>

<p>Se trata de un documento que contiene un conjunto de artículos, informes o conferencias de varios autores de actualidad científica y que giran en torno a la discapacidad intelectual. El objetivo es [&hellip;]</p>
