{"id":16458,"date":"2023-11-13T13:47:29","date_gmt":"2023-11-13T11:47:29","guid":{"rendered":"https:\/\/fvo.cat\/?page_id=16458"},"modified":"2024-02-29T17:37:14","modified_gmt":"2024-02-29T15:37:14","slug":"lavanderia","status":"publish","type":"page","link":"https:\/\/fvo.cat\/es\/servicios-a-empresas\/centro-especial-de-trabajo\/lavanderia\/","title":{"rendered":"Lavander\u00eda"},"content":{"rendered":"<p>El servicio de lavander\u00eda est\u00e1 formado por un equipo de 4 personas que realiza la lavander\u00eda internamente de todos los centros de la Fundaci\u00f3n: Restauraci\u00f3n, Residencia y Centro de Atenci\u00f3n especializada y servicio de vivienda.<\/p>\n<p>Disponemos de dos m\u00e1quinas lavadoras industriales, con capacidad para 22 kilos de ropa, 2 secadoras industriales, de la misma capacidad cada una. Tambi\u00e9n tenemos una lavadora y una secadora dom\u00e9sticas, para prendas m\u00e1s delicadas y el resto de utensilios profesionales para tratamiento y manejo de la ropa: carros transportadores, jaulas y estantes, plancha y m\u00e1quina de coser.<\/p>\n<div id='gallery-1' class='gallery galleryid-16458 gallery-columns-4 gallery-size-thumbnail'><figure class='gallery-item'>\n\t\t\t<div class='gallery-icon landscape'>\n\t\t\t\t<a href='https:\/\/fvo.cat\/es\/servicios-a-empresas\/centro-especial-de-trabajo\/lavanderia\/img-3728-2\/'><img loading=\"lazy\" decoding=\"async\" width=\"150\" height=\"150\" src=\"https:\/\/fvo.cat\/wp-content\/uploads\/2024\/02\/img-3728-150x150.jpg\" class=\"attachment-thumbnail size-thumbnail\" alt=\"\" \/><\/a>\n\t\t\t<\/div><\/figure><figure class='gallery-item'>\n\t\t\t<div class='gallery-icon landscape'>\n\t\t\t\t<a href='https:\/\/fvo.cat\/es\/servicios-a-empresas\/centro-especial-de-trabajo\/lavanderia\/img-20210628-131913-2\/'><img loading=\"lazy\" decoding=\"async\" width=\"150\" height=\"150\" src=\"https:\/\/fvo.cat\/wp-content\/uploads\/2024\/02\/img-20210628-131913-150x150.jpg\" class=\"attachment-thumbnail size-thumbnail\" alt=\"\" \/><\/a>\n\t\t\t<\/div><\/figure><figure class='gallery-item'>\n\t\t\t<div class='gallery-icon landscape'>\n\t\t\t\t<a href='https:\/\/fvo.cat\/es\/servicios-a-empresas\/centro-especial-de-trabajo\/lavanderia\/img-20210628-132102-2\/'><img loading=\"lazy\" decoding=\"async\" width=\"150\" height=\"150\" src=\"https:\/\/fvo.cat\/wp-content\/uploads\/2024\/02\/img-20210628-132102-150x150.jpg\" class=\"attachment-thumbnail size-thumbnail\" alt=\"\" \/><\/a>\n\t\t\t<\/div><\/figure><figure class='gallery-item'>\n\t\t\t<div class='gallery-icon landscape'>\n\t\t\t\t<a href='https:\/\/fvo.cat\/es\/servicios-a-empresas\/centro-especial-de-trabajo\/lavanderia\/img-20210628-132116-2\/'><img loading=\"lazy\" decoding=\"async\" width=\"150\" height=\"150\" src=\"https:\/\/fvo.cat\/wp-content\/uploads\/2024\/02\/img-20210628-132116-150x150.jpg\" class=\"attachment-thumbnail size-thumbnail\" alt=\"\" \/><\/a>\n\t\t\t<\/div><\/figure>\n\t\t<\/div>\n\n","protected":false},"excerpt":{"rendered":"<p>El servicio de lavander\u00eda est\u00e1 formado por un equipo de 4 personas que realiza la lavander\u00eda internamente de todos los centros de la Fundaci\u00f3n: Restauraci\u00f3n, Residencia y Centro de Atenci\u00f3n especializada y [&hellip;]<\/p>\n","protected":false},"author":2,"featured_media":0,"parent":15695,"menu_order":110,"comment_status":"closed","ping_status":"closed","template":"","meta":{"_seopress_robots_primary_cat":"","_seopress_titles_title":"","_seopress_titles_desc":"","_seopress_robots_index":"","inline_featured_image":false,"footnotes":""},"class_list":["post-16458","page","type-page","status-publish","hentry"],"_links":{"self":[{"href":"https:\/\/fvo.cat\/es\/wp-json\/wp\/v2\/pages\/16458","targetHints":{"allow":["GET"]}}],"collection":[{"href":"https:\/\/fvo.cat\/es\/wp-json\/wp\/v2\/pages"}],"about":[{"href":"https:\/\/fvo.cat\/es\/wp-json\/wp\/v2\/types\/page"}],"author":[{"embeddable":true,"href":"https:\/\/fvo.cat\/es\/wp-json\/wp\/v2\/users\/2"}],"replies":[{"embeddable":true,"href":"https:\/\/fvo.cat\/es\/wp-json\/wp\/v2\/comments?post=16458"}],"version-history":[{"count":0,"href":"https:\/\/fvo.cat\/es\/wp-json\/wp\/v2\/pages\/16458\/revisions"}],"up":[{"embeddable":true,"href":"https:\/\/fvo.cat\/es\/wp-json\/wp\/v2\/pages\/15695"}],"wp:attachment":[{"href":"https:\/\/fvo.cat\/es\/wp-json\/wp\/v2\/media?parent=16458"}],"curies":[{"name":"wp","href":"https:\/\/api.w.org\/{rel}","templated":true}]}}

Lavandería

<p>El servicio de lavandería está formado por un equipo de 4 personas que realiza la lavandería internamente de todos los centros de la Fundación: Restauración, Residencia y Centro de Atención especializada y servicio de vivienda.</p>
<p>Disponemos de dos máquinas lavadoras industriales, con capacidad para 22 kilos de ropa, 2 secadoras industriales, de la misma capacidad cada una. También tenemos una lavadora y una secadora domésticas, para prendas más delicadas y el resto de utensilios profesionales para tratamiento y manejo de la ropa: carros transportadores, jaulas y estantes, plancha y máquina de coser.</p>
<div id='gallery-1' class='gallery galleryid-16458 gallery-columns-4 gallery-size-thumbnail'><figure class='gallery-item'>
			<div class='gallery-icon landscape'>
				<a href='https://fvo.cat/es/servicios-a-empresas/centro-especial-de-trabajo/lavanderia/img-3728-2/'><img loading="lazy" decoding="async" width="150" height="150" src="https://fvo.cat/wp-content/uploads/2024/02/img-3728-150x150.jpg" class="attachment-thumbnail size-thumbnail" alt="" /></a>
			</div></figure><figure class='gallery-item'>
			<div class='gallery-icon landscape'>
				<a href='https://fvo.cat/es/servicios-a-empresas/centro-especial-de-trabajo/lavanderia/img-20210628-131913-2/'><img loading="lazy" decoding="async" width="150" height="150" src="https://fvo.cat/wp-content/uploads/2024/02/img-20210628-131913-150x150.jpg" class="attachment-thumbnail size-thumbnail" alt="" /></a>
			</div></figure><figure class='gallery-item'>
			<div class='gallery-icon landscape'>
				<a href='https://fvo.cat/es/servicios-a-empresas/centro-especial-de-trabajo/lavanderia/img-20210628-132102-2/'><img loading="lazy" decoding="async" width="150" height="150" src="https://fvo.cat/wp-content/uploads/2024/02/img-20210628-132102-150x150.jpg" class="attachment-thumbnail size-thumbnail" alt="" /></a>
			</div></figure><figure class='gallery-item'>
			<div class='gallery-icon landscape'>
				<a href='https://fvo.cat/es/servicios-a-empresas/centro-especial-de-trabajo/lavanderia/img-20210628-132116-2/'><img loading="lazy" decoding="async" width="150" height="150" src="https://fvo.cat/wp-content/uploads/2024/02/img-20210628-132116-150x150.jpg" class="attachment-thumbnail size-thumbnail" alt="" /></a>
			</div></figure>
		</div>

<p>El servicio de lavandería está formado por un equipo de 4 personas que realiza la lavandería internamente de todos los centros de la Fundación: Restauración, Residencia y Centro de Atención especializada y [&hellip;]</p>
